/3. List the prime factors of (-2 + -1)/(z/44).
11
Suppose 0*u + 2*u = 44. Let i = -8 + u. What are the prime factors of i?
2, 7
Let n(s) = 15*s**3 + 41*s**2 + 10*s + 27. Let y(b) = -7*b**3 - 20*b**2 - 5*b - 14. Let r(m) = 6*n(m) + 13*y(m). What are the prime factors of r(-14)?
2, 5
Let s(f) = -10*f + 1. Let j = 0 - 1. What are the prime factors of s(j)?
11
Suppose -3*k + 43 = 3*l - 8*l, 5*k = -2*l + 20. Let i be k*((-135)/(-6))/3. Suppose i = 6*y - y. List the prime factors of y.
3
Let i = 123 + 79. List the prime factors of i.
2, 101
Let p = 15 + -9. Let k = p + 16. What are the prime factors of k?
2, 11
Suppose 1105 = -6*h + 7*h. List the prime factors of (-2)/(-4) + h/34.
3, 11
Let r(p) = 5*p**3 - 4*p**2 + 5*p - 12. What are the prime factors of r(2)?
2, 11
Let i(l) = -2*l + 7. Let a(y) = -3*y**2 - 4*y - 2. Let t be a(-2). List the prime factors of i(t).
19
Suppose -165 = -5*m - 4*g, m + 12 = -5*g + 66. List the prime factors of m.
29
Suppose 4*u - 3*j - 3 = 0, 3*u = -u + 5*j + 5. Suppose -2 = 3*f + 4*l - 17, u = 5*f - l - 25. What are the prime factors of f?
5
Let f be 1 + -2*(-3)/(-2). Let h be (-3)/f + 3/6. Suppose -5*s + 3*i = -20, 4*s + 2*i = -h*i + 16. List the prime factors of s.
2
Let r(n) = -n**3 + 6*n**2 + 8*n - 1. Let t be 7/(2 + 0 + -1). What are the prime factors of r(t)?
2, 3
Let t be 3/(-6) + (-7)/(-2). Suppose -t + 12 = 3*x. Let u(s) = s**2 - s. What are the prime factors of u(x)?
2, 3
Let y(g) be the second derivative of g**4/3 - g**3/6 + g**2 - g. Let q be y(-2). Suppose -q = j - 3*j. List the prime factors of j.
2, 5
Let z(m) = m**2 - 3*m - 38. What are the prime factors of z(12)?
2, 5, 7
Let b(a) = 13*a. Let p be b(-1). Let c = 47 - 27. Let x = c + p. List the prime factors of x.
7
Let k(a) = 7*a**2 + 2*a - 2. Let d be k(-2). Suppose 2*c = -3*v + 49, d = 5*c + 3*v - 105. What are the prime factors of c?
2, 13
Let y = 17 + 5. List the prime factors of y.
2, 11
Suppose -5*r = -0*r - 20. Let b = 127 + -73. Suppose -4*n = -u - b, 47 = -n + r*n - 4*u. List the prime factors of n.
13
Suppose 227 = 4*b - 581. What are the prime factors of b?
2, 101
Suppose 2 = -g - 13. Let q = -11 - g. List the prime factors of q.
2
Suppose 2*p - 518 = -5*p. List the prime factors of p.
2, 37
Suppose 3*y = -4*k + 137, 11*y = 4*k + 6*y - 113. Suppose 7 - k = -m. What are the prime factors of m?
5
Let v(i) = 4*i**2 - i**2 - 3*i**2 - i**2 + 12*i + 3. Suppose 30 + 6 = 3*d. List the prime factors of v(d).
3
Let p = 93 - 60. List the prime factors of p.
3, 11
Let z(w) be the second derivative of w**5/30 - w**4/8 + w**3/2 + 2*w. Let j(n) be the second derivative of z(n). What are the prime factors of j(2)?
5
Let g = -58 + 104. List the prime factors of g.
2, 23
Let p(o) = -3*o + 2. List the prime factors of p(-7).
23
Let d = -313 - -466. What are the prime factors of d?
3, 17
Let s(f) = -f + 9. Suppose -m - 3*m + 12 = 3*a, -3*a + 12 = -3*m. Let v be s(a). List the prime factors of (-35)/(-3) + v/15.
2, 3
Let j(c) = c**3 + c**2 - c - 1. Let p(b) = 4*b**3 - 3*b**2 - 2*b - 11. Let w(a) = -3*j(a) + p(a). Let g be w(6). What are the prime factors of (-7)/g*36/21?
2, 3
Let o(y) = y**3 - 7*y**2 + y - 7. Let k be o(7). Let r(q) = q**3 - q**2 + 1. Let s be r(k). Let d = s + 8. List the prime factors of d.
3
Suppose d = -2*d + 33. Let x(l) = 7 + 5 - l**2 + 0 + 11*l. List the prime factors of x(d).
2, 3
What are the prime factors of 51 + ((-4)/(-10)*5)/(-2)?
2, 5
Suppose 0*i + 2*i + q = 0, -3*i = -5*q - 13. Let c be (2/(-4))/(1/(-8)). Suppose -c*h + 3 = -5*o, -2*h + i = -3*o - 0*o. List the prime factors of h.
2
Let l = 48 - -31. What are the prime factors of l?
79
Suppose -3*h + 7*h = 5*w - 407, 2*h = -3*w + 231. Suppose 4*s - 53 - w = 4*v, 0 = -2*s + 5*v + 72. What are the prime factors of s?
31
Let p be (8/5)/((-4)/(-10)). Let z be (-1)/((-6)/p + 1). Suppose 0 = -5*s - z*q + 47, s + 6 = 2*s - 3*q. What are the prime factors of s?
3
Let s(k) = -k**3 - 9*k**2 - 3*k - 13. List the prime factors of s(-9).
2, 7
Let s be 2/4 + 3/6. Suppose -m + s = -4. Suppose 5*k - 2*k = m*q - 78, 20 = 5*k. List the prime factors of q.
2, 3
Let m(n) = -n + 1. Let v be m(6). Let k = v - -8. Suppose l - 15 = -0*r + 3*r, l + k*r = 3. What are the prime factors of l?
3
What are the prime factors of 22/6 + 8/(-12) - -428?
431
Suppose 5*y + 51 = 8*y. Let h = -6 + y. List the prime factors of h.
11
Suppose 2*v + 19 = x - 0*v, -v - 5 = 0. What are the prime factors of x?
3
Let h(n) = n**2 + 4*n - 7. Suppose -5*w = -7 + 37. List the prime factors of h(w).
5
Let v(s) = 2*s - 3*s - 23 + 33. What are the prime factors of v(8)?
2
Suppose z + 8 = 4*j, -2*j + 5*z = j - 6. List the prime factors of j.
2
Let u(f) = -f**2 + 18*f - 13. What are the prime factors of u(13)?
2, 13
Suppose -1 + 4 = n. List the prime factors of n*(-1 - 44/(-6)).
19
Let v = -6 + 7. Suppose o - v = 3. List the prime factors of o.
2
Suppose -7*q + 2*q - 3*s = 31, q + 5*s = -15. Let k = q + 11. Suppose -3*u = -21 - k. List the prime factors of u.
3
Suppose -42 = -z + 4*o, 0*z + 113 = 4*z - 5*o. Suppose 62 = 4*i + z. What are the prime factors of i?
2, 5
Suppose 37 = -2*b - 2*y - 3*y, -b - 3*y = 21. Let p be 4/(-6) - b/9. Suppose -5*f + v + 48 = p, f = -3*f + v + 39. What are the prime factors of f?
3
Suppose 0 = 2*t + 15 - 73. List the prime factors of t.
29
Let a(t) be the first derivative of 7*t**3/3 + t**2 - t - 1. Let r = -9 + 10. List the prime factors of a(r).
2
Let d = 40 - 22. What are the prime factors of d/(-4)*(-8)/3?
2, 3
Suppose -658 = 2*u - 9*u. What are the prime factors of u?
2, 47
Let p = 53 - 41. What are the prime factors of p?
2, 3
Let l(c) = -c**3 + 7*c**2 + 2*c - 8. Let s be l(7). Let k(g) = 7*g**2 - 2*g - 1. Let b be k(-1). Suppose 2*o = s + b. What are the prime factors of o?
7
Let c = -15 + -3. Suppose -2*o - 4*k + 52 = -0*o, k = o - 35. Let b = c + o. List the prime factors of b.
2, 7
Let z = 15 + -10. Suppose 4*m + r = z*r + 52, 3*r = 4*m - 51. Suppose -2*y - 3*t - t = -m, -5*y + 38 = 2*t. What are the prime factors of y?
2
Suppose -3*v - 2*v + 10 = 0. Suppose 12 + 6 = v*l. Suppose 4*k + 1 - l = 0. List the prime factors of k.
2
Suppose 4*k = -4*x + 8*k - 16, -3*k = 3*x + 42. Let r(y) = -y + 12. What are the prime factors of r(x)?
3, 7
Suppose 3*k = 3 + 3. Suppose -k*q + 2 = -4. List the prime factors of q.
3
Let i(k) = -k. Let r be i(-6). Suppose u - r - 7 = 0. List the prime factors of u.
13
Suppose 0 = -5*x - 177 + 32. Let h = 42 + x. List the prime factors of h.
13
Suppose 19*x - 14*x - 130 = 0. What are the prime factors of x?
2, 13
Let t = 0 + 4. Let r = t - 1. List the prime factors of r.
3
Let n = -3 + 0. What are the prime factors of -4*(7/(-4) + n)?
19
Suppose -b + 6 = -2*h - 6, 27 = b - 5*h. Suppose b*y - 5*y = -27. Let k = y + -5. What are the prime factors of k?
2
Let v(j) = -2*j. Let w be v(-2). Suppose 3*k + 2*q = 0, 22 = 3*k + 2*k - w*q. Suppose -3*y + 5 = -n - 32, 0 = k*y + 4*n - 20. List the prime factors of y.
2, 3
Let o = -14 + 15. Let z(i) = i**2 + i - 2. Let p be z(-3). Let q = o + p. List the prime factors of q.
5
Let m = -33 + 11. Let y = -4 - m. What are the prime factors of y?
2, 3
Suppose 0 = -5*x + 2*h + 18 + 27, -2*x + 18 = h. Suppose 4*k = k + x. What are the prime factors of k?
3
Let k be 52/(3*2/3). Suppose 2*t + 4*v - 28 = 0, 4*t + 4*v - k = 42. What are the prime factors of t?
2, 5
Suppose 3*p = -2*p. Suppose 2*j + p = 18. List the prime factors of j.
3
Suppose -b + 5*b + 84 = 0. Let v = 39 + b. List the prime factors of v.
2, 3
Let s(h) = h**3 + 4*h**2 - 2*h - 6. Suppose v + 14 = 4*v + 2*f, -4*f + 18 = v. Suppose -v*y - 2*y = 16. What are the prime factors of s(y)?
2
Let h(b) = b**2 - 11*b + 13. What are the prime factors of h(11)?
13
Suppose -3*u + 94 = -23. What are the prime factors of u?
3, 13
Suppose 4*s - 4*c = 4, 5*s - 3*c = -6*c + 29. Suppose -5*r = -26 - s. What are the prime factors of r?
2, 3
Let z(v) = v**3 + 8*v**2 + 5*v - 9. Let k be z(-7). What are the prime factors of (-5)/(k/(-4)) - 0?
2
Suppose -352 = 4*j - 8*j. Suppose 4*k - j = 28. List the prime factors of k.
29
Suppose 3*b + 5*s = -0*s + 32, 5*b = 2*s + 12. Suppose -5*i + b*i + 13 = 0. List the prime factors of i.
13
Suppose 4*n - 83 - 27 = -3*f, 2*f - 112 = -4*n. What are the prime fac